. What is the greatest common factor of 166 and b?
83
Let k be (-110)/3*(-9)/2. Suppose -1186*x + 9902 = -7888. What is the highest common factor of k and x?
15
Let c = -4982 - -5025. Calculate the highest common divisor of c and 688.
43
Let w be (2/(-2))/((-1605)/(-801) + -2). Let l = 272 + w. What is the greatest common factor of l and 65?
5
Let r = 354 - -20. Suppose 105 = 5*i + t, 10*t = -3*i + 5*t + 41. Calculate the greatest common divisor of i and r.
22
Let o(y) = 233*y + 1407. Let w be o(-6). Let n(m) = m**3 - 3*m**2 - 3*m - 1. Let p be n(3). Let k = p - -28. What is the highest common divisor of w and k?
9
Suppose -4*i - 4 = 0, 3*i = 3*h - 10 - 2. Let u = -253 - -269. Suppose -m - u = -h*m. What is the highest common factor of m and 88?
8
Let x be (-6)/(3 + 3)*(-6)/(-6)*-77. Let a(u) = -4*u + u**3 - 4 - 6*u**2 - 2*u**3 - 4*u. Let g be a(-5). What is the greatest common divisor of x and g?
11
Suppose 10*g - 22*g = -96. Suppose g = -3*w - 7, 2*j - 127 = -w. Calculate the highest common divisor of 198 and j.
66
Let h be (-4)/(-80)*56*(201 - (-7 + 3)). Let x(j) = 42*j**3 - j. Let c be x(1). What is the greatest common factor of c and h?
41
Let u = -115 - -101. Let j be 14 + u + (233 - -1). Let m = j - 164. What is the highest common divisor of m and 14?
14
Let d = -201 + 186. Let p be (-4)/(-10)*(12075/(-14))/d. Calculate the greatest common factor of p and 92.
23
Suppose -3*y + 2*k + 79 = 0, -4*y + 3*y + 8 = 3*k. Suppose -5*p = x - 191, 11 + y = p - 4*x. What is the greatest common divisor of p and 38?
38
Let n(c) = -3470*c - 1857. Let b be n(-2). What is the greatest common factor of b and 52?
13
Let v = -16947 + 24889. Calculate the greatest common divisor of 44 and v.
22
Let h = 1179 - 1171. Suppose -6 = -y - 0. Let t(i) = i**3 - 6*i**2 + 2*i - 8. Let u be t(y). What is the greatest common factor of u and h?
4
Suppose -4*f + 2*t - 4*t = -12, 4*f + 4*t - 4 = 0. Suppose -110 = -4*i - 23*x + 20*x, 5*x - 140 = -f*i. Calculate the greatest common divisor of i and 65.
13
Let n(k) = k**3 - 2*k + 20. Suppose 8 = -2*j + 2. Let a be j/(-12) + 11/(-44). Let u be n(a). What is the highest common factor of 30 and u?
10
Let w be ((-22)/(-10))/((-9)/45). Let z(a) = -13*a + 47. Let k be z(w). What is the greatest common divisor of k and 5?
5
Let h = 983 - 541. Suppose 0 = 8*i - 4*i - 104. What is the greatest common divisor of i and h?
26
Suppose 11280 = 4*g + 4*r, -2816 = -g - 8*r + 3*r. What is the highest common factor of 91 and g?
91
Let p(l) = -43*l**2 - 2*l + 1. Let d(v) = -42*v**2 - 2*v + 2. Let c(j) = -6*d(j) + 5*p(j). Let s be c(-3). Calculate the greatest common factor of 20 and s.
20
Suppose 4*x - 329 = -3*u, 0 = 551*u - 548*u - 9. What is the highest common divisor of 1216 and x?
16
Let r(w) = -10*w - 6. Let j be r(-1). Suppose -j*b = 137 + 43. Let f be -1 + -1 + -1 - b. What is the highest common divisor of 21 and f?
21
Let j be (-11 - -14)*-1*(-1287 - -14). Calculate the greatest common divisor of 1407 and j.
201
Let n = 222 - 221. Let k be (3 + (-13 - -2))*n/(-2). What is the greatest common factor of 36 and k?
4
Let x be (-12)/9*(-2 + -16). Let w = -4503 - -4611. What is the greatest common divisor of x and w?
12
Suppose -21*a + 10902 = 2*a. Calculate the greatest common divisor of a and 1264.
158
Let k be 11864/792 + 12/594. Let m(u) = -u**2 + 7*u + 2. Let f be m(5). What is the highest common factor of f and k?
3
Let x(w) = 14 + 18*w + 9*w + 34 + 17 + w**2 + 87. Let b be x(22). What is the highest common divisor of 30 and b?
30
Let c be (-2 - 0)/(6/(-24)). Let y = c + -4. Suppose 5*b - 7 = -i, -i + 2 = 2*b - 8. Calculate the greatest common divisor of y and i.
4
Suppose 2*m + 2*s = -6*m + 118612, -2*m = -4*s - 29626. What is the greatest common factor of 25 and m?
25
Let s be ((-459)/(-4))/(-24*(-5)/320). What is the highest common factor of 54 and s?
18
Suppose -u = 2*a - 50, -3*u = 5*a + 2*u - 115. Calculate the highest common factor of a and 198.
9
Suppose -2*r = -r - 31. Let o = r + -6. Let y = 1571 + -1346. Calculate the highest common factor of o and y.
25
Suppose -12*w = -14*w - 22. Let h be (-2)/3*(w - (-72)/9). What is the highest common divisor of h and 34?
2
Let k(j) = 2*j**3 - 257*j**2 + 130*j - 91. Let u be k(128). Calculate the greatest common factor of u and 3861.
33
Suppose -46 = c + 5*a, c - 2*a = 2*a - 28. Let y = -95 + 46. Let t = c - y. Calculate the greatest common factor of t and 91.
13
Suppose 5*s - g = 16, 3*s - 32 = -s - 4*g. Suppose s*u + 65 = k, -4*k + 160 = -k - 5*u. What is the highest common divisor of 30 and k?
15
Suppose 46 = 5*p + 4*h, 0 = 3*p - h - h - 10. Suppose -2*b + p + 54 = 0. Let c = 560 - 542. What is the greatest common divisor of c and b?
6
Let s = 6755 + -6307. Let b = 83 - 27. What is the greatest common divisor of b and s?
56
Let o = 7259 + -7214. Let u = 169 - 16. Calculate the greatest common factor of u and o.
9
Let h = -9074 + 10098. What is the greatest common divisor of h and 288?
32
Let r(o) = -o**3 + 65*o**2 + 87*o + 538. Let m be r(66). Calculate the greatest common factor of m and 65.
13
Let i(p) = p**2 + 13*p + 20. Let j be i(-10). Let c be (j + 44/8)*-1*2. What is the greatest common factor of 243 and c?
9
Suppose -12*g - 81 = -16*g - 5*j, -2*j = -3*g + 78. Calculate the highest common factor of 10776 and g.
24
Let j be (-1)/((-110)/(-56) - 2). Let x = -11997 + 12005. Calculate the greatest common divisor of x and j.
4
Let a = 1689 + -933. Suppose -8*o + 612 = -a. Calculate the highest common factor of 114 and o.
57
Let q be -9*(-10199)/372*(-8)/(-3). Let c be (-16)/8 - (-17 - -1). What is the highest common factor of c and q?
14
Suppose 4*v = 3*s - 767, -7*s = -3*s + 12. Let h = v + 210. What is the highest common divisor of 240 and h?
16
Let p be -3 + 1052 - (-18)/(-3). Let m = -560 + p. What is the greatest common divisor of 21 and m?
21
Let a be (-12 + 11 - -1)*2/4. Let q be (25 - a)*(-272)/(-170). Let g(w) = 3*w + 1. Let b be g(5). What is the highest common divisor of b and q?
8
Let t(s) = -2*s**3 + 16*s**2 + 4*s - 25. Let r be t(8). Suppose -13*f + r*f = -810. Let o = -5 + 20. Calculate the highest common divisor of f and o.
15
Let c(q) = 4*q**2 + 91*q + 31. Let o be c(-22). Let n = 77 + o. Suppose -126 = -5*s + 2*s. Calculate the highest common factor of n and s.
42
Suppose -288 = 39*t + 9*t. Let n be 126 - (t - 21/7). Calculate the greatest common divisor of n and 5.
5
Let a be (-1 + -17 - -17)*-304. What is the highest common factor of a and 432?
16
Suppose -5 = 4*d + 3*p, 3*d - 7*d - 2*p = 2. Let m(u) = 1212*u + 1213. Let j be m(-1). What is the highest common divisor of j and d?
1
Let o be (-58)/(-464) - ((-983)/8 + -1). Calculate the highest common divisor of 10261 and o.
31
Let r(o) = 10*o**3 + 3*o**2 - 3*o + 68. Let g be r(0). What is the highest common factor of 96 and g?
4
Let u = 39 + -38. Let o(i) = 4*i - 1. Let f be o(u). Let m be 5/(1 - (-2 + 8/f)). What is the highest common divisor of m and 165?
15
Suppose -26 = -2*j - 2*v, -5*v - 6 = -j + 1. Suppose -3*r + 293 = 2*b - 4*r, -5*r + 263 = 2*b. Let x = b - 12. Calculate the greatest common divisor of j and x.
12
Suppose -3*g = -4*w - 300, -2*g + 220 - 20 = 4*w. What is the highest common divisor of 2300 and g?
100
Suppose 4*m = d + 892, m - 245 = -4*d - 5. Let x(l) = l**2 - 15*l + 64. Let o be x(10). Calculate the greatest common factor of m and o.
14
Suppose -o = -11*o + 50. Suppose -4*k - z + 8 = 0, -5*k - o*z + 9*z = 11. Let c be 3/(9/(-4))*-3. What is the greatest common divisor of k and c?
1
Let i(u) = u**2 + 3079*u + 15405. Let r be i(-5). Suppose 5*z = 6*z - 56. What is the greatest common divisor of z and r?
7
Let w be 3 + (0/(2 - 8))/(-1). Let a be 5 - ((2 - 3) + 2). Let q be (3 - 5/a)/(w/36). What is the highest common factor of q and 3?
3
Let m be 2/(-1)*(5145/(-14))/21. Let d = 111 - m. Calculate the highest common factor of d and 209.
19
Let y = 651 - 526. Calculate the highest common divisor of y and 875.
125
Let z(g) = -52*g - 3995. Let y be z(-93). What is the highest common divisor of y and 29?
29
Let o(m) = 125*m**2 - 269*m - 1935. Let w be o(-8). Calculate the highest common factor of 22 and w.
11
Let p(n) = 2*n**3 + 18*n**2 - 13*n - 12. Let o be p(-8). Suppose -z - 4*t = -o, 1082 